ousands digit of 634539?
6
What is the ten thousands digit of 1858265?
5
What is the hundreds digit of 6572487?
4
What is the thousands digit of 313171?
3
What is the units digit of 1512?
2
What is the ten millions digit of 16237238?
1
What is the hundred thousands digit of 313294?
3
What is the ten thousands digit of 143315?
4
What is the thousands digit of 1485152?
5
What is the tens digit of 504453?
5
What is the tens digit of 134530?
3
What is the hundred thousands digit of 467685?
4
What is the hundred thousands digit of 588542?
5
What is the units digit of 6163275?
5
What is the hundreds digit of 265239?
2
What is the ten thousands digit of 416768?
1
What is the ten thousands digit of 205553?
0
What is the hundred thousands digit of 148477?
1
What is the tens digit of 7453383?
8
What is the millions digit of 17665065?
7
What is the tens digit of 13667700?
0
What is the hundreds digit of 846132?
1
What is the hundred thousands digit of 6705061?
7
What is the hundred thousands digit of 12239423?
2
What is the units digit of 1118882?
2
What is the thousands digit of 1195879?
5
What is the tens digit of 484281?
8
What is the hundreds digit of 8560457?
4
What is the hundreds digit of 2185574?
5
What is the tens digit of 9133236?
3
What is the hundreds digit of 1320966?
9
What is the tens digit of 270292?
9
What is the hundred thousands digit of 203622?
2
What is the hundreds digit of 3369843?
8
What is the millions digit of 1443213?
1
What is the thousands digit of 120345?
0
What is the millions digit of 8677974?
8
What is the hundreds digit of 3842985?
9
What is the hundreds digit of 34612945?
9
What is the thousands digit of 804548?
4
What is the units digit of 161093?
3
What is the tens digit of 5947398?
9
What is the hundred thousands digit of 601989?
6
What is the units digit of 68554?
4
What is the hundred thousands digit of 162320?
1
What is the thousands digit of 115957?
5
What is the thousands digit of 2363434?
3
What is the ten thousands digit of 537955?
3
What is the units digit of 13960983?
3
What is the ten thousands digit of 1370906?
7
What is the tens digit of 370333?
3
What is the hundred thousands digit of 12836243?
8
What is the ten thousands digit of 21002178?
0
What is the hundreds digit of 657685?
6
What is the thousands digit of 267776?
7
What is the hundreds digit of 445298?
2
What is the ten thousands digit of 1738171?
3
What is the hundreds digit of 11396423?
4
What is the hundreds digit of 321097?
0
What is the ten thousands digit of 129830?
2
What is the units digit of 223592?
2
What is the thousands digit of 1476231?
6
What is the millions digit of 2279635?
2
What is the units digit of 157192?
2
What is the hundred thousands digit of 2090901?
0
What is the hundred thousands digit of 1841816?
8
What is the ten thousands digit of 1868781?
6
What is the hundreds digit of 1432067?
0
What is the hundred thousands digit of 139186?
1
What is the hundred thousands digit of 10204644?
2
What is the hundred thousands digit of 14714272?
7
What is the units digit of 58041?
1
What is the thousands digit of 5993976?
3
What is the millions digit of 3253963?
3
What is the units digit of 156092?
2
What is the hundreds digit of 10255305?
3
What is the hundreds digit of 2169463?
4
What is the units digit of 30733?
3
What is the units digit of 212304?
4
What is the hundred thousands digit of 3493359?
4
What is the thousands digit of 1793114?
3
What is the hundred thousands digit of 215144?
2
What is the ten thousands digit of 2044486?
4
What is the thousands digit of 3331420?
1
What is the hundreds digit of 422811?
8
What is the units digit of 4308776?
6
What is the tens digit of 1295417?
1
What is the thousands digit of 1057396?
7
What is the ten thousands digit of 545380?
4
What is the hundred thousands digit of 106262?
1
What is the ten thousands digit of 30846?
3
What is the millions digit of 6778486?
6
What is the units digit of 327102?
2
What is the units digit of 546989?
9
What is the hundreds digit of 6663199?
1
What is the tens digit of 5474834?
3
What is the tens digit of 2091965?
6
What is the units digit of 29397?
7
What is the hundreds digit of 2535244?
2
What is the tens digit of 92523?
2
What is the tens digit of 36963847?
4
What is the units digit of 6768868?
8
What is the units digit of 2404644?
4
What is the units digit of 227311?
1
What is the tens digit of 125189?
8
What is the millions digit of 8510531?
8
What is the units digit of 25349?
9
What is the thousands digit of 458882?
8
What is the tens digit of 1321881?
8
What is the tens digit of 204764?
6
What is the ten millions digit of 12497230?
1
What is the hundreds digit of 7031271?
2
What is the hundred thousands digit of 7002734?
0
What is the ten thousands digit of 486366?
8
What is the hundreds digit of 5458308?
3
What is the units digit of 620751?
1
What is the units digit of 9379701?
1
What is the thousands digit of 176691?
6
What is the thousands digit of 18199642?
9
What is the hundreds digit of 97638?
6
What is the hundreds digit of 140109?
1
What is the hundreds digit of 11168807?
8
What is the tens digit of 1156725?
2
What is the ten thousands digit of 2410992?
1
What is the tens digit of 79982?
8
What is the thousands digit of 304163?
4
What is the hundreds digit of 1677041?
0
What is the hundreds digit of 2651405?
4
What is the thousands digit of 432864?
2
What is the units digit of 7685056?
6
What is the hundred thousands digit of 9632082?
6
What is the units digit of 8049552?
2
What is the ten thousands digit of 1580473?
8
What is the thousands digit of 497567?
7
What is the hundred thousands digit of 9957931?
9
What is the thousands digit of 5909301?
9
What is the hundreds digit of 881244?
2
What is the hundreds digit of 643833?
8
What is the thousands digit of 353143?
3
What is the tens digit of 89725?
2
What is the hundred thousands digit of 15464354?
4
What is the hundred thousands digit of 14022644?
0
What is the thousands digit of 922638?
2
What is the hundred thousands digit of 896847?
8
What is the thousands digit of 564435?
4
What is the hundreds digit of 87674?
6
What is the hundreds digit of 166742?
7
What is the ten thousands digit of 59390?
5
What is the tens digit of 16899322?
2
What is the ten thousands digit of 599037?
9
What is the units digit of 1366301?
1
What is the units digit of 1902115?
5
What is the hundred thousands digit of 27925471?
9
What is the thousands digit of 425875?
5
What is the units digit of 475139?
9
What is the hundreds digit of 632053?
0
What is the ten thousands digit of 1060753?
6
What is the hundreds digit of 26979202?
2
What is the millions digit of 1298080?
1
What is the millions digit of 14857584?
4
What is the millions digit of 1909581?
1
What is the units digit of 1051123?
3
What is the hundred thousands digit of 235993?
2
What is the tens digit of 431992?
9
What is the thousands digit of 102138?
2
What is the tens digit of 705194?
9
What is the hundred thousands digit of 419487?
4
What is the ten thousands digit of 421293?
2
What is the hundreds digit of 599018?
0
What is the ten thousands digit of 46349?
4
What is the units digit of 24113186?
6
What is the tens digit of 5410921?
2
What is the tens digit of 603050?
5
What is the thousands digit of 102549?
2
What is the tens digit of 43930?
3
What is the ten thousands digit of 214538?
1
What is the hundreds digit of 465809?
8
What is the ten thousands digit of 7389876?
8
What is the millions digit of 8121951?
8
What is the millions digit of 5242324?
5
What is the hundreds digit of 133661?
6
What is the hundred thousands digit of 16374389?
3
What is the thousands digit of 1364422?
4
What is the units digit of 18459498?
8
What is the millions digit of 1500763?
1
What is the units digit of 2108779?
9
What is the units digit of 1145945?
5
What is the units digit of 354438?
8
What is the millions digit of 6572523?
6
What is the units digit of 204968?
8
What is the units digit of 205588?
8
What is the ten thousands digit of 615945?
1
What is the hundred thousands digit of 187929?
1
What is the units digit of 263507?
7
What is the hundred thousands digit of 4386898?
3
What is the thousands digit of 674196?
4
What is the hundreds digit of 6497014?
0
Wha